 5) to base 6.
4131
-101110101100 (base 2) to base 8
-5654
What is -3411001 (base 5) in base 7?
-340203
Convert -15211 (base 6) to base 13.
-116b
10b7 (base 14) to base 13
1426
Convert -77b (base 16) to base 9.
-2557
-12562 (base 10) to base 13
-5944
What is -1b48 (base 15) in base 16?
-171e
What is 5514 (base 6) in base 7?
3463
What is 2343 (base 7) in base 12?
600
-177a (base 11) to base 8
-4331
What is -35345 (base 6) in base 14?
-1c09
Convert 100111001 (base 2) to base 7.
625
Convert 10100100111 (base 2) to base 13.
7a6
Convert -fc (base 16) to base 6.
-1100
Convert 11333 (base 5) to base 12.
5a3
What is -7551 (base 9) in base 2?
-1010110110010
1041 (base 7) to base 9
453
372 (base 11) to base 8
672
-791b (base 14) to base 7
-115134
What is 2395 (base 15) in base 6?
55005
What is 52b (base 16) in base 9?
1730
11201121 (base 3) to base 5
102240
What is -1492 (base 10) in base 3?
-2001021
-1110101010110110 (base 2) to base 12
-2a932
Convert -132 (base 14) to base 8.
-360
-345 (base 9) to base 4
-10130
What is 1037 (base 8) in base 5?
4133
What is -210 (base 8) in base 5?
-1021
What is 1776 (base 9) in base 4?
111111
-5d27 (base 15) to base 12
-b591
What is -476 (base 11) in base 9?
-700
What is -648 (base 14) in base 2?
-10011011000
Convert -1003 (base 4) to base 7.
-124
-3ea (base 15) to base 5
-12040
Convert 9553 (base 12) to base 8.
37717
10221 (base 13) to base 7
150222
22211 (base 6) to base 5
44403
What is 46550 (base 7) in base 9?
17338
Convert 5522 (base 6) to base 4.
103322
What is -1303 (base 7) in base 14?
-273
Convert -143477 (base 8) to base 6.
-1032051
-3411 (base 5) to base 14
-265
Convert 1777 (base 11) to base 13.
1050
Convert -103025 (base 6) to base 7.
-33416
What is 11103011 (base 4) in base 12?
10685
What is -24205 (base 9) in base 6?
-203005
Convert 4272 (base 9) to base 12.
199b
What is 11000010101 (base 2) in base 14?
7d3
What is 399 (base 13) in base 8?
1171
-1b38 (base 13) to base 8
-10007
Convert 22010233 (base 4) to base 16.
a12f
What is 3717 (base 9) in base 8?
5322
What is -6413 (base 7) in base 6?
-14252
850 (base 11) to base 6
4423
What is -1e9 (base 16) in base 13?
-2b8
Convert f58 (base 16) to base 14.
1608
What is -279 (base 13) in base 2?
-110110110
What is 3105 (base 13) in base 3?
100021120
Convert -d3b (base 15) to base 3.
-11002102
Convert -1524 (base 12) to base 4.
-212230
-2222021222 (base 3) to base 2
-1110010010100111
Convert -4109 (base 10) to base 3.
-12122012
What is -b6d (base 15) in base 14?
-d22
30 (base 5) to base 9
16
Convert -410 (base 5) to base 2.
-1101001
-5fcb (base 16) to base 12
-12237
-11111010101010 (base 2) to base 5
-1003132
Convert 2762 (base 10) to base 14.
1014
What is -21130 (base 4) in base 3?
-211101
What is -35c8 (base 13) in base 9?
-11374
What is -332 (base 11) in base 9?
-482
7f6 (base 16) to base 4
133312
Convert -233313 (base 7) to base 11.
-29615
-524 (base 6) to base 10
-196
Convert 2125 (base 6) to base 9.
588
Convert -22572 (base 8) to base 5.
-301334
What is -31261 (base 7) in base 9?
-11481
-5bc3 (base 13) to base 9
-18747
What is 234 (base 8) in base 16?
9c
1086 (base 16) to base 5
113410
What is -2e4 (base 16) in base 4?
-23210
Convert -1122 (base 4) to base 8.
-132
Convert -11001100000101 (base 2) to base 6.
-140245
What is -1000022 (base 3) in base 14?
-3a9
-21103 (base 4) to base 2
-1001010011
7 (base 10) to base 2
111
397 (base 15) to base 16
331
Convert 3034 (base 6) to base 7.
1645
What is -5139 (base 13) in base 3?
-120100220
Convert -6470 (base 8) to base 12.
-1b60
-120222 (base 3) to base 7
-1154
1543 (base 6) to base 2
110100111
49c (base 13) to base 5
11210
-4014 (base 8) to base 4
-200030
Convert -3101032 (base 5) to base 6.
-1024050
-137a (base 12) to base 3
-10002111
What is 146 (base 8) in base 12?
86
What is 47665 (base 10) in base 9?
72341
Convert -5065 (base 10) to base 4.
-1033021
Convert 214353 (base 7) to base 12.
198b0
Convert 17e6 (base 16) to base 13.
2a28
-116 (base 8) to base 11
-71
What is -220 (base 10) in base 11?
-190
313 (base 6) to base 13
90
-1420 (base 7) to base 10
-553
What is 23040 (base 5) in base 12?
b51
What is -31010 (base 5) in base 7?
-5563
-1b4c (base 13) to base 9
-5577
-656 (base 8) to base 10
-430
What is 1020002 (base 3) in base 7?
2414
What is 2523 (base 6) in base 14?
32b
What is 17e4 (base 15) in base 3?
21002021
What is 100011 (base 3) in base 8?
367
Convert 27c (base 13) to base 11.
371
What is a421 (base 11) in base 2?
11010111111001
Convert 41333 (base 6) to base 7.
22056
Convert -123200 (base 5) to base 2.
-1001011000000
Convert 21814 (base 9) to base 3.
201220111
-79b6 (base 12) to base 14
-4d06
1143 (base 5) to base 15
b8
What is 919 (base 10) in base 16?
397
Convert -2bd (base 15) to base 7.
-1555
Convert 1bd4 (base 15) to base 8.
13641
278f (base 16) to base 6
114515
-132531 (base 7) to base 15
-75e3
What is 13033 (base 6) in base 3?
2200210
What is -53424 (base 7) in base 10?
-13248
What is 2722 (base 11) in base 15?
10a8
c5 (base 13) to base 14
b7
541 (base 8) to base 15
188
What is 17801 (base 9) in base 5?
343223
-101301 (base 4) to base 10
-1137
-1010101001 (base 2) to base 15
-306
What is -8425 (base 9) in base 14?
-2375
What is 1102330 (base 4) in base 13?
2554
-1851 (base 9) to base 2
-10110001111
Convert 20013 (base 5) to base 16.
4ea
What is 657a (base 14) in base 4?
10102100
Convert -17402 (base 8) to base 11.
-5a67
-379 (base 15) to base 13
-489
-617 (base 9) to base 5
-4002
What is 147640 (base 8) in base 4?
30332200
What is -49 (base 12) in base 10?
-57
-33224 (base 9) to base 13
-a066
Convert 30012 (base 5) to base 15.
857
Convert -1020201 (base 4) to base 15.
-1596
Convert 5a2 (base 12) to base 8.
1512
Convert 593 (base 15) to base 2.
10011101111
Convert -248d (base 15) to base 6.
-100011
What is 6227 (base 16) in base 7?
133154
What is -83c (base 15) in base 4?
-131001
What is -2102102 (base 3) in base 9?
-2372
Convert 210203 (base 4) to base 11.
1837
Convert -14155 (base 6) to base 11.
-1749
200121 (base 3) to base 12
35a
-22006 (base 9) to base 4
-3203322
-e9 (base 16) to base 3
-22122
What is 15847 (base 12) in base 15?
90dd
Convert 2146 (base 9) to base 13.
948
124 (base 10) to base 14
8c
What is -693 (base 11) in base 8?
-1474
Convert 2c71 (base 16) to base 11.
8603
What is -43044 (base 5) in base 6?
-21231
Convert 44a (base 11) to base 9.
657
3010000 (base 4) to base 14
4800
a67 (base 16) to base 8
5147
What is 9997 (base 11) in base 2?
11001101110110
What is -5819 (base 10) in base 13?
-2858
What is 233220 (base 4) in base 5?
44143
Convert -5966 (base 15) to base 11.
-132aa
Convert 1253 (base 6) to base 16.
141
-42412 (base 9) to base 7
-144512
-130b (base 12) to base 7
-6221
Convert 2023 (base 4) to base 2.
10001011
What is 7a8 (base 14) in base 4?
113300
What is -1279 (base 14) in base 5?
-100433
232 (base 13) to base 2
101111011
What is -229 (base 10) in base 14?
-125
What is 41a (base 12) in base 16?
256
1564 (base 8) to base 14
472
Convert 155 (base 8) to base 4.
1231
Convert 100122 (base 3) to base 15.
125
Convert 2bc9 (base 15) to base 13.
4392
-7589 (base 16) to base 4
-13112021
-2a8 (base 12) to base 6
-1532
Convert -44b (base 13) to base 12.
-517
What is -12a47 (base 12) in base 15?
-7927
-380 (base 13) to base 9
-748
Convert 101000110 (base 2) to base 9.
402
-15442 (base 6) to base 13
-120b
Convert -710 (base 10) to base 16.
-2c6
Convert 10227 (base 9) to base 12.
3aa4
What is 3345 (base 8) in base 3?
2102101
Convert 110001100 (base 3) to base 12.
5100
What is 110011101 (base 2) in base 12?
2a5
Convert -30157 (base 8) to base 11.
-9352
2358 (base 14) to base 2
1100000001010
What is 1213230 (base 5) in base 6?
254112
Convert -40a (base 11) to base 5.
-3434
What is 2201 (base 4) in base 7?
320
What is 304 (base 11) in base 16?
16f
Convert -a93 (base 14) to base 6.
-13401
Convert -573 (base 8) to base 2.
-101111011
Convert -3c9b (base 16) to base 2.
-11110010011011
Convert 30c (base 16) to base 13.
480
14343 (base 5) to base 9
1608
What is aa (base 14) in base 10?
150
-44da (base 15) to base 9
-22027
946a (base 11) to base 2
11000011111011
1258 (base 14) to base 16
c8e
Convert 42121 (base 6) to base 13.
276a
What is -3c2 (base 13) in base 16?
-299
1231 (base 9) to 